{"id":725,"date":"2026-03-17T12:12:44","date_gmt":"2026-03-17T12:12:44","guid":{"rendered":"https:\/\/www.aboatox.com\/?page_id=725"},"modified":"2026-04-16T11:21:15","modified_gmt":"2026-04-16T11:21:15","slug":"725-2","status":"publish","type":"page","link":"https:\/\/www.aboatox.com\/?page_id=725","title":{"rendered":"Vaihtoehto kalliille ATP-reagenssille"},"content":{"rendered":"\n<h2 class=\"wp-block-heading\"><\/h2>\n\n\n\n<h2 class=\"wp-block-heading\">N\u00e4ytetikut pintan\u00e4ytteille ja nesten\u00e4ytteille<\/h2>\n\n\n\n<p><strong>J\u00e4rjestelm\u00e4<\/strong><\/p>\n\n\n\n<p><strong>Biolum Portable ATP -hygienianvalvontaj\u00e4rjestelm\u00e4<\/strong>&nbsp;on tehokas ty\u00f6kalu hygienianvalvontaohjelmasi toteuttamiseen ja hallintaan. Edistyksellisen testipuikon ansiosta hygieniataso arvioidaan sekunneissa, ja tulokset ovat n\u00e4ht\u00e4viss\u00e4 suoraan n\u00e4yt\u00f6lt\u00e4. Huipputeknologiaa hy\u00f6dynt\u00e4v\u00e4 Biolum on k\u00e4ytt\u00e4j\u00e4yst\u00e4v\u00e4llinen, joustava ja tarkka laadunvalvontaj\u00e4rjestelm\u00e4, jonka ominaisuudet maksimoivat sen arvon liiketoiminnallesi.<\/p>\n\n\n\n<p><strong>Mittatikku sopii my\u00f6s muihin laitteisiin, soita ja kysy 0400 452 135.<\/strong><\/p>\n\n\n\n<figure class=\"wp-block-image size-full\"><a href=\"https:\/\/www.aboatox.com\/wp-content\/uploads\/2026\/03\/image.png\"><img loading=\"lazy\" decoding=\"async\" width=\"229\" height=\"294\" src=\"https:\/\/www.aboatox.com\/wp-content\/uploads\/2026\/03\/image.png\" alt=\"\" class=\"wp-image-735\"\/><\/a><\/figure>\n\n\n\n<div class=\"wp-block-group is-layout-flow wp-block-group-is-layout-flow\">\n<div class=\"wp-block-columns is-layout-flex wp-container-core-columns-is-layout-28f84493 wp-block-columns-is-layout-flex\">\n<div class=\"wp-block-column is-layout-flow wp-block-column-is-layout-flow\" style=\"flex-basis:100%\">\n<div class=\"wp-block-columns is-layout-flex wp-container-core-columns-is-layout-28f84493 wp-block-columns-is-layout-flex\">\n<div class=\"wp-block-column is-layout-flow wp-block-column-is-layout-flow\" style=\"flex-basis:100%\">\n<figure class=\"wp-block-image alignleft size-full\"><a href=\"https:\/\/www.aboatox.com\/wp-content\/uploads\/2026\/03\/Screenshot-2026-03-17-140652.png\"><img loading=\"lazy\" decoding=\"async\" width=\"177\" height=\"484\" src=\"https:\/\/www.aboatox.com\/wp-content\/uploads\/2026\/03\/Screenshot-2026-03-17-140652.png\" alt=\"\" class=\"wp-image-724\" srcset=\"https:\/\/www.aboatox.com\/wp-content\/uploads\/2026\/03\/Screenshot-2026-03-17-140652.png 177w, https:\/\/www.aboatox.com\/wp-content\/uploads\/2026\/03\/Screenshot-2026-03-17-140652-110x300.png 110w\" sizes=\"auto, (max-width: 177px) 100vw, 177px\" \/><\/a><\/figure>\n<\/div>\n<\/div>\n<\/div>\n<\/div>\n<\/div>\n\n\n\n<p><\/p>\n","protected":false},"excerpt":{"rendered":"<p>N\u00e4ytetikut pintan\u00e4ytteille ja nesten\u00e4ytteille J\u00e4rjestelm\u00e4 Biolum Portable ATP -hygienianvalvontaj\u00e4rjestelm\u00e4&nbsp;on tehokas ty\u00f6kalu hygienianvalvontaohjelmasi toteuttamiseen ja hallintaan. Edistyksellisen testipuikon ansiosta hygieniataso arvioidaan sekunneissa, ja tulokset ovat n\u00e4ht\u00e4viss\u00e4 suoraan n\u00e4yt\u00f6lt\u00e4. Huipputeknologiaa hy\u00f6dynt\u00e4v\u00e4 Biolum on k\u00e4ytt\u00e4j\u00e4yst\u00e4v\u00e4llinen, joustava ja tarkka laadunvalvontaj\u00e4rjestelm\u00e4, jonka ominaisuudet maksimoivat sen arvon liiketoiminnallesi. Mittatikku sopii my\u00f6s muihin laitteisiin, soita ja kysy 0400 452 135.<\/p>\n","protected":false},"author":6,"featured_media":0,"parent":0,"menu_order":12,"comment_status":"closed","ping_status":"closed","template":"","meta":{"_themeisle_gutenberg_block_has_review":false,"footnotes":""},"class_list":["post-725","page","type-page","status-publish","hentry"],"_links":{"self":[{"href":"https:\/\/www.aboatox.com\/index.php?rest_route=\/wp\/v2\/pages\/725","targetHints":{"allow":["GET"]}}],"collection":[{"href":"https:\/\/www.aboatox.com\/index.php?rest_route=\/wp\/v2\/pages"}],"about":[{"href":"https:\/\/www.aboatox.com\/index.php?rest_route=\/wp\/v2\/types\/page"}],"author":[{"embeddable":true,"href":"https:\/\/www.aboatox.com\/index.php?rest_route=\/wp\/v2\/users\/6"}],"replies":[{"embeddable":true,"href":"https:\/\/www.aboatox.com\/index.php?rest_route=%2Fwp%2Fv2%2Fcomments&post=725"}],"version-history":[{"count":10,"href":"https:\/\/www.aboatox.com\/index.php?rest_route=\/wp\/v2\/pages\/725\/revisions"}],"predecessor-version":[{"id":884,"href":"https:\/\/www.aboatox.com\/index.php?rest_route=\/wp\/v2\/pages\/725\/revisions\/884"}],"wp:attachment":[{"href":"https:\/\/www.aboatox.com\/index.php?rest_route=%2Fwp%2Fv2%2Fmedia&parent=725"}],"curies":[{"name":"wp","href":"https:\/\/api.w.org\/{rel}","templated":true}]}}